mon divisor of m and 40?
40
Suppose -75 = -5*i + 3*x, -5*i + 2*x = x - 65. Let o = 39 - i. What is the highest common factor of o and 216?
27
Let t = 93 - 86. What is the greatest common divisor of 56 and t?
7
Suppose -3*u - 6 = 45. Let n = 25 + u. What is the highest common factor of n and 8?
8
Suppose 3*i - 134 = p + 53, 4*i - p = 249. Calculate the highest common divisor of i and 93.
31
Let h = -2 - 0. Let l = 8 - h. Calculate the highest common divisor of 20 and l.
10
Suppose 2 = -2*v - 0, 0 = b - 3*v - 113. What is the greatest common divisor of 10 and b?
10
Let n(q) be the second derivative of -q**4/12 + 6*q**2 + 2*q. Let o be n(0). Calculate the highest common divisor of 4 and o.
4
Suppose n + 7 = -0*n. Let b(q) = q**2 + 4*q - 9. Let d be b(n). What is the greatest common factor of d and 18?
6
Let l(n) = n**3 - 2*n + 4. Let p be l(4). What is the highest common divisor of p and 40?
20
Suppose 2*h + 2*z - 26 = 0, -5 = -0*h - h - 5*z. Calculate the greatest common divisor of 135 and h.
15
Let x be 27*((-24)/9)/(-2). What is the highest common divisor of 4 and x?
4
Let f = -133 + 188. Suppose 2*g - 1 - 9 = 0. What is the highest common divisor of g and f?
5
Suppose -3*k + 2*k + 1 = 0. Suppose -a + 15 = 12. Suppose -a*c = -2*h + 8, -4*h - 5*c + 12 + 4 = 0. What is the highest common factor of k and h?
1
Let d be 9/6 + 82/4. Let z be d/6*6/2. Suppose 2*v = 4*i + 52, -5*i - 54 = -2*v - 0*i. What is the greatest common divisor of v and z?
11
Suppose 71 = 2*r - 129. Suppose 0 = -7*q + 2*q + r. Suppose 2*y - q = -0*y. What is the highest common divisor of 40 and y?
10
Suppose -2 - 33 = 5*w. Let d = 12 + w. Calculate the highest common divisor of 15 and d.
5
Suppose 0 = 4*n + 5*p - 156 - 1, 4*n - 154 = -2*p. Calculate the highest common factor of n and 95.
19
Suppose 15 = 5*m - 5. Suppose 81 = 3*g - 4*d, -g + m*g - 75 = 2*d. Suppose -r - g = -3*o, -4 = 2*o + 5*r - 25. What is the greatest common factor of o and 72?
8
Let q = 7 + 8. What is the greatest common divisor of 105 and q?
15
Let n = -23 + 40. What is the greatest common divisor of n and 17?
17
Suppose -i = 4*i - 70. What is the highest common divisor of 14 and i?
14
Let y be 6/((-24)/44)*-5. What is the greatest common factor of y and 22?
11
Let v(f) = -4*f**2 + 1. Let i be v(-1). Let o = i + 5. Let z be 53/5 - o/(-5). What is the greatest common factor of 55 and z?
11
Suppose z + 4*z + 15 = -5*q, -24 = 3*z - 2*q. Let v(j) = j**3 + 6*j**2 - 3*j - 8. Let i be v(z). Calculate the highest common factor of i and 10.
10
Suppose -5*j - 3*v = 3 + 2, -3*j = -4*v - 26. Suppose -4*m - j*d + 46 = -0*m, -5*d + 25 = 0. Calculate the greatest common divisor of 9 and m.
9
Suppose -2*p = -5*d + 152, 7 = 5*d + p - 142. What is the greatest common factor of 15 and d?
15
Let o(q) = 28*q. Let g be o(2). Calculate the greatest common factor of g and 7.
7
Suppose 0*i - 35 = -5*a - 5*i, -3*i = 0. Calculate the highest common factor of a and 49.
7
Let f = 67 - 51. What is the highest common factor of f and 2?
2
Let k = 1 - 1. Suppose 3*h = -k*h + 3. Suppose -3*m + 55 = h. Calculate the highest common factor of 2 and m.
2
Let t = 0 - -2. Suppose -t*a - 6 = 0, 3*a = 2*p + a - 72. Let u be (-21)/(-9)*p*1. What is the highest common divisor of u and 7?
7
Suppose 0 = -0*u + u - 216. What is the greatest common divisor of 24 and u?
24
Let t = -50 - -125. Suppose -i + t = 2*i. What is the greatest common divisor of 10 and i?
5
Let w be (-8)/(-4) + (39 - 1). Let o be 5*(10 + -1)/3. Suppose -4*j = -j - o. What is the highest common divisor of j and w?
5
Let c = 61 - 53. Calculate the greatest common divisor of 8 and c.
8
Let u = -21 + 30. Let n(o) = 11*o**2 + o - 3. Let x be n(3). Calculate the highest common factor of u and x.
9
Suppose 0*o + 252 = 7*o. Calculate the greatest common factor of o and 36.
36
Let y = 21 + -13. What is the greatest common factor of y and 32?
8
Suppose 4*i = -5*z + 7*i + 8, -4*z + 5*i + 9 = 0. Let k = 14 + -8. Calculate the greatest common factor of z and k.
1
Let y be (-6)/4*(-5 + -13). What is the highest common factor of y and 243?
27
Let w be (-3)/(-6) - 6/(-4) - -118. What is the highest common divisor of 15 and w?
15
Let p(d) = 3*d + 1. Let v be p(4). Suppose -7*n + 3*m - 9 = -6*n, 3*n + m - v = 0. Let s be (-38)/(-4) - n/(-6). What is the greatest common factor of 4 and s?
2
Let q be (-9)/(-4)*128/3. Let k = 144 - q. Calculate the greatest common divisor of k and 24.
24
Let j = -3 + 10. Calculate the greatest common divisor of j and 35.
7
Suppose 0 = -i + 83 + 25. Calculate the greatest common factor of i and 12.
12
Suppose 0*u = -5*u + 130. What is the highest common factor of 26 and u?
26
Let s(b) = b**2 - 6*b + 6. Let v be s(5). Let f be -1*(v - (-3 - -9)). Let i be (-2 - -3)*f - 2. Calculate the greatest common divisor of i and 6.
3
Let y = -2 + 5. Suppose -y*x - 86 = -5*t - x, -44 = -3*t + 5*x. Suppose -3*l + 4*s + 265 = -s, 2*l - 179 = s. Calculate the greatest common factor of l and t.
18
Let t = 130 - 80. What is the greatest common factor of t and 75?
25
Let m(d) = 11*d. Let f be m(1). What is the greatest common factor of 88 and f?
11
Let w(a) = -a**3 + 26*a**2 + 2*a - 45. Let z be w(26). What is the highest common factor of z and 7?
7
Let f(t) = t**3 - 7*t**2 + t + 3. Let r(y) = -y**3 + y**2 + y + 7. Let u be r(0). Let s be f(u). What is the highest common factor of s and 10?
10
Let t be 1*1/(-2) + 3/2. Calculate the highest common divisor of t and 2.
1
Let m(g) = -g**3 + 5*g**2 + 6*g + 3. Let f be m(6). Let j = 6 - 3. Calculate the greatest common factor of f and j.
3
Let u be 105/14 + 6/(-4). What is the greatest common divisor of 18 and u?
6
Suppose -25 = -4*c + 23. Suppose c = i + 2*i. Suppose -90 = -2*a - 18. What is the greatest common divisor of i and a?
4
Let g(o) = -33*o + 2. Let v be g(-8). Calculate the greatest common divisor of v and 38.
38
Let j = -7 + 2. Let f be 6/j*240/(-18). Calculate the highest common factor of 4 and f.
4
Suppose g + d - 10 = -0*d, -2*g + 5*d = -20. What is the greatest common factor of g and 10?
10
Let m(g) = -g**2 - 7*g + 47. Let o be m(-10). Calculate the highest common divisor of o and 136.
17
Suppose 4*c + 0*a + 20 = 4*a, -3*a = -5*c - 17. Let u be 1/((0 - c)/2). Suppose -u*h = -5*h + 288. What is the greatest common factor of h and 12?
12
Suppose -5*g - 4*s = -0*g - 65, 3*g = 3*s + 39. Let r = 18 - g. Suppose 0 = u - r*u + 52. Calculate the greatest common divisor of u and 26.
13
Let l be 32/(-12) - 2/6. Let h = -70 + 157. Let g = h - l. Calculate the greatest common factor of 9 and g.
9
Let a be (-2 - (-2 + 1)) + 1. Suppose 0 = -a*t - t + 15. Let y = 33 - t. Calculate the greatest common factor of 12 and y.
6
Let g = -71 - -201. Calculate the highest common factor of 26 and g.
26
Suppose 56 + 174 = 5*m. Calculate the greatest common divisor of m and 69.
23
Let l be (-2020)/(-18) + 8/(-36). Suppose -135 = 3*u + 2*u. Let c = u + 41. What is the greatest common factor of l and c?
14
Suppose 89 = -g - 394. Let q = -311 - g. Suppose 5*n - q = 103. Calculate the greatest common factor of n and 5.
5
Let b = -40 + 115. Suppose 0 = y + 4*y - 290. Suppose 3*a - y = -13. What is the greatest common divisor of b and a?
15
Let q be (-28)/(-70) - (-28)/5. Calculate the highest common factor of q and 42.
6
Suppose -2*d + 672 = 2*d. Suppose -3*h - 2*h = 0. Suppose h = 5*a - 8*a + 63. What is the greatest common divisor of a and d?
21
Let d be 27 + -8 + 0/(1/(-1)). Calculate the highest common factor of d and 171.
19
Let r be (-34)/(-8) - (-3)/(-12). Suppose -3*c + 3*m + 69 = 0, -5*m + 37 = r*c - 46. Calculate the greatest common factor of c and 2.
2
Let k be (-3)/(-4)*-2 - 1197/(-18). Calculate the highest common factor of 26 and k.
13
Let a = 190 - 132. Suppose -a = -2*n + 214. Calculate the greatest common divisor of 17 and n.
17
Let l(f) = -f**3 + 9*f**2 - 4*f + 8. Let h be l(7). What is the highest common factor of 52 and h?
26
Suppose u = -2*u + 24. Suppose -4*k + 4 = 2*o, k = -4*o - 0 + 15. Suppose 3*q + 80 = o*q. Calculate the highest common divisor of q and u.
8
Let c(w) = -w - 5. Let b be c(-10). Let i(v) = v**2 - 3*v + 5. Let q be i(5). Calculate the highest common divisor of b and q.
5
Let x be ((-5)/2)/(2/(-8)). Let y(q) = -9*q +